
4
Let w = -17 + 22. Let n be ((-2)/w)/((-11)/2145). Let q be 2/(-13) + 246/n. Let d(y) = y**3 - 5*y**2 + 5*y - 3. Determine d(q).
-6
Let w(t) = -15*t + 24. Let o(i) = -13*i + 30. Let y(f) = 5*o(f) - 6*w(f). Determine y(1).
31
Let m(i) = -2*i**3 - 17*i**2 - 152*i - 37. Let p(w) = -w**3 - 8*w**2 - 90*w - 19. Let l(h) = -3*m(h) + 5*p(h). Calculate l(-10).
56
Suppose -o + k - 17 + 22 = 0, -4*o = 4*k - 4. Let t(c) = -56*c + 54*c + 4 + c**2 + 4*c**2. Determine t(o).
43
Let j(o) be the first derivative of -o**4/4 + 7*o**3/3 + 4*o - 344. Let t = 26 - -13. Suppose 0 = -2*b + 2*g + 3*g + t, b = -4*g - 13. Determine j(b).
4
Let g(s) be the first derivative of 4*s**2 - 92*s - 1443. Give g(11).
-4
Let s(y) be the third derivative of -y**5/60 - y**4/24 - 684*y**2. Let i(z) = 2*z**2 - 2*z - 4*z + 7 + 2*z. Let o(k) = i(k) + 3*s(k). Give o(-7).
7
Let r(s) = 112*s + 2713. Let q be r(-24). Let a(k) = -2*k**2 + 49*k + 33. Calculate a(q).
8
Let k(p) = -p**2 - 9*p + 12. Let r = -147 - -153. Suppose w - 2 = 0, -j + 54 = -r*j + 2*w. Determine k(j).
2
Let o(a) = 3*a + 4. Let j be (-20*20)/5*1. Let t = j - -86. Determine o(t).
22
Let y(l) = -18*l**2 + 168*l + 114. Let t be y(10). Let a(d) be the first derivative of 2*d**3/3 + 13*d**2/2 + 7*d + 15. What is a(t)?
1
Suppose -6*r + r + 177 = -2*n, 0 = -4*r + 4*n + 144. Suppose -6*d - r = -d. Let j(h) = -40*h + 88*h - 49*h - 4. Give j(d).
3
Let c(z) = 5*z**2 + z - 2. Let u(b) = -3*b**2 + 5*b + 2. Let i be u(3). Let j be (-2313)/(-45) + (-6)/i. Let p = 50 - j. Determine c(p).
16
Let m be 320/(-150)*(-420)/56. Let f(h) = h**3 - 17*h**2 + 19*h - 61. Calculate f(m).
-13
Let b(q) be the first derivative of -5*q**2/2 - 30*q + 5950. What is b(-29)?
115
Let v(r) = -55*r + 4000*r**2 - 2001*r**2 - 2007*r**2 + 3. What is v(-7)?
-4
Let p = -24 - -27. Let j(l) = 2*l + 0*l + 1 - 7 + 4. Determine j(p).
4
Let w(n) be the first derivative of n**4/4 - n**3 + n**2/2 + 4*n + 18. Let u(o) = o**2 + 3*o + 2. Let g be u(-3). Suppose -2*a = g - 8. Determine w(a).
7
Let a(h) be the second derivative of h**4/12 + h**3/3 - 8*h**2 + 4*h - 23. Let t(x) = -x**2 - 3*x + 19. Let p(u) = -6*a(u) - 5*t(u). Give p(2).
3
Let x(a) = 14*a**2. Suppose 2*h + 1 = 3. Suppose -b + 0 = -p - h, -2*p + 10 = 4*b. What is x(p)?
14
Let m(g) = 247 + 231 - 15*g - 2*g - 129 - 4*g. Let p be m(16). Let c(u) = -u**3 + 12*u**2 + 13*u - 1. Determine c(p).
-1
Let y(o) = 13*o - 322. Let q(x) = -131*x + 2896. Let p(n) = -4*q(n) - 38*y(n). What is p(-22)?
-8
Let g(u) be the second derivative of u**6/120 + u**5/15 - u**4/24 - 5*u**3/6 + 45*u**2/2 - 43*u. Let z(d) be the first derivative of g(d). What is z(-4)?
-1
Let p(m) = m**2 - 28*m - 1 + 10*m + 15*m. Let o be p(4). Suppose -o*r + 33 = 12. Let s(j) = -j + 7. Give s(r).
0
Suppose -2*w + 41 = -5*v, -19*v + w = 57 + 79. Let t(p) = -7*p - 56. Determine t(v).
-7
Suppose 0 = 12*d - 6662 + 6650. Let s(k) = -47*k**3 + 5*k**2 + 2. Let i(w) = 46*w**3 - 6*w**2 - 3. Let u(m) = 3*i(m) + 4*s(m). Determine u(d).
-49
Let y be 9/(-6) - (1 - (-3)/6). Let f be (-14)/y*(-30)/(-20). Let p(n) = n**2 - f*n + 24*n + 3 - 6*n. Calculate p(-11).
3
Let z(v) be the second derivative of 2 - 2*v**2 + 37*v - 1/2*v**3. Determine z(-7).
17
Let z(b) = b**3 - 17*b**2 - 22*b + 58. Let s be ((-75)/10)/((-47)/84 - 1/(-7)). Determine z(s).
-14
Let f(x) = 310*x**2 + x + 126 + 294*x**2 - 126 - 523*x**2. What is f(-1)?
80
Suppose -305 = 1020*d - 1081*d. Let a(c) be the second derivative of 13*c + 1/20*c**d + 0 + 1/3*c**4 - 3*c**2 - 1/3*c**3. What is a(-4)?
2
Let v(y) = -y**3 + 6*y**2 - y - 11. Let u(d) = 3*d**2 - 43*d + 20. Let r = -400 + 414. Let t be u(r). Give v(t).
-17
Let y be 0/(-1) + 11 + -14. Let w be (9 - 11)/(2/y). Let g(m) = 4*m**2 - 5*m - 2. Let p(i) = 7*i**2 - 9*i - 4. Let d(t) = 5*g(t) - 3*p(t). Give d(w).
-1
Let k(c) = 2*c**2 + 2*c - 2. Suppose -5 = 5*j, 3*s - 10 = 3*j - 1. Let x be (-1 - -1 - -1)*s. What is k(x)?
10
Let a(l) = 2*l + 2. Let q(y) = -36*y + 644. Let p(t) = 5*a(t) + q(t). Determine p(25).
4
Let x be (-7 - (6 + -12))*2. Let b(o) be the third derivative of 11*o**4/24 + o**3/3 + 4*o**2. Give b(x).
-20
Let f(s) = 30 + 11*s - 11 + 4*s + s**2 + 13. Determine f(-13).
6
Let s(r) be the second derivative of 19*r**3/6 + r - 113. What is s(-1)?
-19
Let b(k) = 0*k - 2 + k**2 + 3*k**2 + 0 + k + k**3. Let f = 7081 + -7083. What is b(f)?
4
Let a(h) = -2*h**2 + 5*h + 8. Let l(u) = -u**2 + 3*u + 4. Let m(t) = 2*a(t) - 5*l(t). Suppose -13*g = -10*g - 63. Suppose 0 = -g*c + 19*c + 12. Calculate m(c).
2
Suppose -11*q + 8*q + 6 = 0. Suppose 4*c - 13 = -m - q, 0 = -3*m + 5*c - 18. Let s(f) = 1 + 5*f - 5*f - 2*f - 2*f. Calculate s(m).
5
Let i(k) be the third derivative of -33*k**2 + 0*k + 0 + 1/12*k**4 + 3/2*k**3. Give i(-6).
-3
Let f = 327 - 181. Let k = 146 - f. Let t(w) = -w**3 + w**2 + w + 4. Determine t(k).
4
Let x(k) = -4 + 3*k + 2 - 2 + 2. Let h(j) = 6*j + 2 + 0 - 5*j - 3. Let f(q) = 2*h(q) - x(q). Calculate f(7).
-7
Let v(s) be the third derivative of 0*s + 11/24*s**4 - 12*s**2 + 0 - 1/60*s**5 + 5*s**3. Let q be v(13). Let b(g) = 3*g - 4. Give b(q).
8
Let q be 24/20*100/15. Let i(c) = 0 + 7*c**2 - 8*c**3 - 3 + c**2 + 7*c**3. Give i(q).
-3
Let n(i) = i**3 + 5*i**2 + 237*i + 693. Let b be n(-3). Let j(o) be the first derivative of -3/2*o**2 - 31 + b*o + 1/3*o**3. Give j(4).
4
Let g(z) = -3 + 76*z**2 + 8084*z + 1 - 8085*z. Determine g(-1).
75
Let w be 0 - 136/(-64) - 2/16. Let f(v) = -10*v - 6*v + 0*v**2 + 4*v**3 + 17*v + 3*v**w. What is f(-2)?
-22
Suppose -12 - 8 = 4*h + k, k - 20 = 4*h. Let b(r) = -8*r + 2 + 67*r**3 + r - 68*r**3 - 7*r**2 - 5 + 0. What is b(h)?
-18
Let h(s) = -3*s**3 + 5*s**2 - 2*s - 5. Let a be (90/21 - (12 + -8))/(1/7). Give h(a).
-13
Let g(b) be the first derivative of -2*b**4 + b**3/3 + b**2/2 - b + 5085. What is g(2)?
-59
Let a = 5458 - 5432. Let l(d) be the first derivative of -a - 7*d - 1/2*d**2. What is l(-3)?
-4
Suppose 2*r = 50 + 410. Suppose -r + 86 = 3*a. Let o be a/72 - (-1 + (-4)/(-3)). Let v(h) = -6*h**3 + h**2 - h - 1. Calculate v(o).
7
Let l(v) = 40*v + 1. Let u(k) = -10*k - 13. Let m be u(-2). Let o be 5*(-6)/(-15) - (m - 6). What is l(o)?
41
Let x be (-9)/(((-2)/(-4))/((-7)/14)). Suppose -r + 19 = -2*w, -3*w - x = -0*r + 5*r. Let u(h) = -h + 7. Give u(w).
15
Let x(h) = -3*h**2 - 6 + 3 + 3 + 2*h. Suppose 36*o = -13*o + 485 - 338. What is x(o)?
-21
Let s(j) = j**3 + 2*j**2 - 3*j - 3. Let w be s(-2). Let h(u) be the second derivative of 15*u + 1/2*u**2 + 2 + 2/3*u**3. Give h(w).
13
Suppose -7*f + 4 = -3*f, 0 = 3*z + 2*f + 25. Let n be (9/((-108)/40))/(2/z). Let q(x) = -12*x + 30*x**2 - 11*x**2 - 18*x**2 + n. Calculate q(10).
-5
Let o(k) be the second derivative of 7*k**3/6 - 133*k**2/2 - 96*k. Let s be o(18). Let x(v) = v + 15. Calculate x(s).
8
Let b(u) = 36*u + 104*u + 19 - 142*u. Suppose 19*w - 2*w - 136 = 0. Calculate b(w).
3
Let w(c) = c**2 + 18*c - 716. Let s be w(-37). Let p(d) = d**2 + 9*d - 28. Determine p(s).
24
Let s(c) = -16*c**2 + 5*c - 37. Let p(i) = 23*i**2 - 6*i + 50. Let h(d) = -5*p(d) - 7*s(d). Determine h(3).
-33
Let l(z) = 6609 - 6619 + 4*z**2 - 3*z + z**3 - z**2. Calculate l(-3).
-1
Let h(r) = r**2 - 2*r - 1. Suppose -n + 40 = 4*n + 5*a, -2*n + a = -13. Let q be ((-24)/84)/((-1)/n). Give h(q).
-1
Let l(f) = 29*f**2 + 2235*f + 118. Let d be l(-77). Let t(w) = -w**2 - 47*w - 389. Give t(d).
7
Let k(d) be the first derivative of -d**5/20 + d**4 + d**3/6 - d**2 + 54*d - 131. Let w(h) be the first derivative of k(h). What is w(12)?
10
Suppose -4*j + 20 = -3*a, -4*a + 20 = 4*j - 0. Suppose 6 = -2*d, a = r - 4*d + 4 - 11. Let f(w) = w**3 + 6*w**2 + 5*w - 1. What is f(r)?
-1
Suppose -3*u = -2*x - 4*u + 23, -4*x + 39 = u. Let s(f) = -f**2 + 7*f - 13. Give s(x).
-21
Let j(w) be the first derivative of 1/30*w**5 - 36 - 1/3*w**3 + 0*w - 5/2*w**2 + 0*w**4. Let y(c) be the second derivative of j(c). Calculate y(-3).
16
Let r(b) = 5*b - 17. Suppose 5*z = -3*p - 42, 4*p = -3*z + 4 - 38. Calculate r(z).
-47
Let f(g) = -g**2 - 9*g + 30. Let r = -24123 + 24114. What is f(r)?
30
Let r(p) = 8*p**2 - 3*p + 1. Let h be (6 - 3) + -1 - 5. Calculate r(h).
82
Let b(k) = 2*k - 7. Let x(d) = d. Let r(g) = -4*g + 25. Let q(j) = r(j) + 2*x(j). Let u be q(5). Let z = -21 + u. Give b(z).
-19
Let j(b) = -13*b**2 - b - 14. Let a(r) = -33*